3 - 9).
4
-12 + 14 + 9 - 20
-9
What is the value of -3 + 2 - (-17 - -11)?
5
Evaluate (2 - 3) + -1 + 2 + 0.
0
Evaluate 5 + (-1 - (6 - -2)).
-4
Calculate (-7 - (3 + -2)) + 10.
2
What is the value of 12 + -9 - (4 + -1)?
0
What is the value of -1 + 8 + -8 + 5?
4
Calculate -2 - -6 - (-4 + 4).
4
What is -5 + -1 - (-1 + -2)?
-3
Calculate 3 + -1 + 0 - (72 + -65).
-5
What is the value of 2 - (-2 - -15) - -8 - 7?
-10
Calculate -1 + -2 - (-7 + 10 + -1).
-5
-5 - (-1 + -3 - 0) - 3
-4
-12 + 7 + (7 - 4)
-2
Calculate (-2 - -3) + (3 - 0 - 0).
4
What is -2 + (1 - (0 - 1)) + 1?
1
(5 - (0 - -3)) + 2
4
Calculate (4 - -4) + 0 + (-3 - 1).
4
What is -4 + (-2 - (-5 - 1)) + 4?
4
What is the value of 14 + -7 + -7 + 2?
2
1 + -2 + 3 + -3
-1
What is -1 + -3 + 2 + -34 + 36?
0
What is (-13 - -8) + 5 + 1?
1
Calculate (2 + -11 - -8) + -4 + 1.
-4
What is the value of 6 + 1 + (-5 - 0)?
2
Calculate (4 - (4 - -1)) + 2.
1
What is the value of (-5 - (-4 + -3)) + -7 + -1?
-6
What is the value of (1 - 1 - -4) + (3 - 4)?
3
Evaluate (17 - (20 - 6)) + 5.
8
What is -6 + 1 + (7 - 1)?
1
What is 1 + -6 + (-3 + 1 - -7)?
0
Evaluate 0 + 0 + -40 + 42.
2
Evaluate (-3 + 6 - 4 - -4) + 1.
4
What is 3 + -2 + 4 + -5?
0
What is 1 - (4 + -1) - (7 + -12)?
3
5 - (5 + -3 + 1)
2
Calculate (-1 + 4 - 4) + 1 + 2.
2
What is (-1 - 0) + (-1 - 4)?
-6
What is the value of 4 - (4 + -4 + 5)?
-1
Calculate 54 + -66 + (2 - 4) + 7.
-7
Calculate 195 - 207 - (1 - 5).
-8
What is -16 - -22 - (5 - -2)?
-1
What is the value of (47 - 43) + -2 + -1 + 0?
1
What is the value of (1 - 2 - -2) + 4?
5
Calculate -6 + 1 + 4 - (-4 - -1).
2
What is 1 + -2 + -25 + 27?
1
(-8 - -7) + (-9 - -1)
-9
Calculate 1 + -7 + 5 - (2 + -6).
3
Calculate -1 + -1 + 6 - (2 - -8).
-6
What is the value of (5 - 4 - (-1 + 3)) + -4?
-5
(-3 - (0 + -3)) + -6 + 10
4
4 - (-6 + -4 + 12)
2
Evaluate -1 + -3 + 2 + 8 + -10.
-4
What is the value of 2 + 3 + (-3 - -1) - 12?
-9
1 - ((8 - 11) + 10)
-6
What is 8 - 0 - (-25 - -29)?
4
Calculate (-5 - -2) + 0 - (-31 + 20).
8
What is the value of 20 - 24 - (2 - 9)?
3
Evaluate -8 + -1 + 4 - -8 - 3.
0
What is 8 + -4 - -1 - 1?
4
Calculate 0 - -4 - (9 - 6).
1
Calculate 2 - (-11 + (-12 - -24)).
1
What is 3 + -1 + (6 - 2)?
6
-10 - -6 - (2 + (-5 - 4))
3
12 - 7 - 5 - 7 - -2
-5
What is (-5 - -9) + 0 - 5 - 1?
-2
What is -4 - ((1 - -2 - 7) + 3)?
-3
-21 + 30 + -13 + 0
-4
What is the value of -11 - (7 + 0 + -13)?
-5
Evaluate 7 - (15 + -4 - (13 - 18)).
-9
What is 1 + (-8 + 6 - -2)?
1
Calculate -2 + -2 - (-11 + 11).
-4
What is -1 - -3 - (4 + -2 + 0)?
0
What is the value of -9 - (-3 - -8) - -12?
-2
What is 4 + (-3 - 1 - -8 - 7)?
1
What is 3 - (-4 - (-3 + -1 + 1))?
4
Calculate 3 + (-5 - -9) + -2.
5
Calculate (45 - 42) + -8 + 1 + 1.
-3
(5 + -11 - (-6 + 0)) + 0
0
What is -5 - (4 + -5) - -5?
1
Calculate (-2 - -1) + (0 + 3 - 1).
1
Calculate -6 + 2 + 4 + 0.
0
Evaluate (4 - (-5 - -17)) + 4.
-4
Evaluate 1 + (2 - (1 + 0)) - 3.
-1
Calculate 3 + -14 + 6 + 3.
-2
What is the value of -5 - (0 + -5 + -1)?
1
What is 12 + (11 - -1 - 24)?
0
What is -5 + (1 + -1 + 2 - -5)?
2
(-5 - 0 - (-4 - 0)) + 5
4
What is (-10 - -11 - (3 + 0)) + -1?
-3
What is the value of -15 + 16 + 4 + 0?
5
What is 1 + 1 + -7 + 237 + -230?
2
Evaluate (0 - (-10 + 3)) + -3 - 1.
3
Evaluate 5 - (-5 + 7) - (-2 - 3).
8
Calculate (0 - (16 - 8)) + -1 + 5.
-4
2 + (-9 - (-5 - -1)) + 8
5
What is the value of 5 - (2 + 3) - 12 - -5?
-7
What is the value of 1 + (-10 - 0 - (-10 + 5))?
-4
-6 - (-8 - (-7 + 12))
7
What is -7 + (2 + -8 - -17)?
4
What is the value of 0 + (2 + 6 - 8)?
0
What is the value of 0 + (0 - 0) + (0 - -2)?
2
Calculate 5 - (11 + (-4 - 1)) - -1.
0
What is 3 - 0 - (-3 + 6 - 7)?
7
What is the value of ((-2 - 0) + 2 - 3) + 8?
5
Evaluate 9 + -8 - (-4 - (-1 + 1)).
5
-5 - -2 - (3 - 2)
-4
What is -2 + (10 + (5 - 4) - 5)?
4
-7 + 20 - (9 - (-6 - -8))
6
What is the value of 1 - 6 - (5 - 6)?
-4
What is the value of -13 + 2 + (-6 - -11) - -7?
1
(-6 - -3) + 0 - 0
-3
Evaluate 9 + 9 + -7 + -4.
7
Evaluate 0 + (-2 - -4) - (-28 - -24).
6
Calculate -3 - (0 - (7 - 3)).
1
What is the value of -7 + -1 + 1 - (407 - 407)?
-7
Calculate -8 - (-8 - (-7 + 7)).
0
Calculate -1 - -2 - (11 - 12) - 3.
-1
Calculate (-1 - -2 - 3) + 3 + 0.
1
What is (-4 - -1 - 2) + 4 + 0?
-1
What is the value of (-2 - -7) + -12 + (8 - 8)?
-7
Calculate (0 - -1) + (-11 - (-22 - -11)).
1
(12 - (5 - 0)) + -1 + -1
5
Evaluate -3 + -4 + (-5 - -5) + 13.
6
Calculate -2 + -5 + 40 + -39.
-6
Calculate (-7 - -12 - 1) + -3 + 0.
1
What is the value of -6 - -13 - 16 - -8?
-1
-7 + 10 + (6 - 7)
2
What is (-2 - 3) + -3 - -5 - 1?
-4
Evaluate (0 - (6 - 0)) + 3.
-3
Evaluate -6 - -1 - (2 + -2).
-5
(-1 - -2) + 19 + -23
-3
Evaluate 2 - 4 - 2 - -9.
5
0 - (-2 - (3 + 2 - 12))
-5
Calculate 10 + -12 - (1 - (8 + 0)).
5
(-2 + -1 - (12 - 14)) + 7
6
What is 2 + 2 + -5 + 0?
-1
-9 + 7 - (-1 + 5)
-6
What is the value of (-8 - (5 - 7)) + 6?
0
Calculate -5 + -6 + 4 - (1 + -1).
-7
What is the value of 0 + -3 + -37 + 36?
-4
What is the value of -1 + -2 + (5 - 1) - -4?
5
What is (-4 - 2 - (5 + -13)) + 6?
8
Evaluate 0 + (4 - 4) - (-3 + 6).
-3
What is 1 + (-1 - 1) + -14 + 20?
5
-9 + (-1 - (-4 + -1)) + 0
-5
Calculate 2 + -3 + (-16 - -19).
2
What is -35 + 33 - (0 - 10)?
8
What is -2 - (-3 - (4 + (-5 - 2)))?
-2
What is the value of 12 + 1 + -5 + -3?
5
(1 - -1 - (4 + -2)) + 5
5
Calculate 8 - (8 - 2) - (-1 + -1).
4
What is the value of -2 - (4 + -15 + 5)?
4
Evaluate (2 - 0) + (5 - (-3 + 6)).
4
What is the value of (-2 + 1 - -2) + 3 + 0?
4
What is the value of (-1 - 5) + 23 - 10?
7
Calculate (-4 - -2) + -1 - (40 - 38).
-5
What is the value of (-1 - 1) + 3 + -2?
-1
What is the value of (2 - 5) + -6 - (-5 - -1)?
-5
What is -2 + -8 + 8 - 6?
-8
-4 + 2 + 1 + -4
-5
Evaluate 3 + 1 + -3 + (-4 - 0).
-3
5 + (1 - (0 + 9))
-3
What is 5 + -7 + 1 + 1 + -2?
-2
What is 6 + -1 - (-1 - -7) - -2?
1
Evaluate -15 + (-8 - -11 - -7).
-5
8 + -1 + -5 + -4
-2
Calculate 0 + 1 + (-12 - -15 - 4).
0
What is 21 - 37 - (-5 - 7)?
-4
Calculate (-3 - -5) + 4 + -2.
4
Evaluate (5 - 9) + 6 + 3.
5
-2 + (11 - 7) + -8
-6
What is the value of (-11 - (-5 + 4)) + 6?
-4
What is the value of 7 - (4 + -3 + 3)?
3
Evaluate 4 - (6 + -4 + -1).
3
What is -5 + 18 + -8 + -4?
1
Calculate -6 + (6 - 0) + -2 + 1.
-1
Calculate (-6 - -14) + (0 - 2).
6
9 - (-4 - (5 + -18))
0
(-3 - 3) + 3 - (-8 - 0)
5
What is the value of 0 + 4 + (-4 - 2)?
-2
Evaluate (-1 - (-4 - -3)) + 2 + -7.
-5
Evaluate 11 + (-1 + 0 - 3).
7
Calculate (3 - (-2 + 7 + -4)) + -12.
-10
Calculate 18 - 17 - (-3 + (-3 - -2)).
5
What is -5 - (1 + -6 - 1)?
1
What is 0 + -1 + 0 - -4?
3
What is 3 + 0 + -1 + (-5 - 0)?
-3
Calculate (-1 - -2) + -4 + 4 + 5.
6
-9 + 10 + (-4 - 0)
-3
-8 + 18 + -15 + -1 + 1
-5
What is the value of 3 + (2 - (2 + 0 + 1))?
2
Evaluate -5 + 1 + -4 + 16.
8
What is the value of -1 - 1 - (-5 - (3 + -14))?
-8
12 + -10 - (-9 + 5)
6
21 + -14 + 5 - 4
8
Calculate -9 - (4 - 8 - 2).
-3
What is (-26 - -31) + (-9 - 0)?
-4
Calculate -8 - (-11 - -21) - (-2 + -5).
-11
Calculate -2 + 0 - ((9 - 8) + -2).
-1
Evaluate 2 + (-3 - (4 - 3)).
-2
Evaluate -5 + 7 + -3 - 4.
-5
Evaluate 1 + 2 + (-5 - 2) + 3.
-1
What is the value of -4 + (-5 - -3) + 9?
3
What is 3 + -7 + (-7 - -6) + 1?
-4
Calculate 1 - (2 - (4 - 5) - -1).
-3
Calculate -4 + (-1 - -1 - -1) - 3.
-6
What is the value of -6 + (8 - 4) + 6?
4
Evaluate 5 - ((-8 - -7) + 4 + 0).
2
Calculate -2 + 7 + -5 + 0.
0
Evaluate -64 + 61 + -1 + 10.
6
Calculate -3 + -4 + 6 - 1.
-2
Evaluate (3 - 0 - 5) + (-3 - 1).
-6
-1 - (2 + -5 + 3)
-1
What is the value of -10 + (11 - 7) + 7?
1
Calculate 6 + 4 + -7 + 1 + -4.
0
-2 - (-6 + 2 + 2 + 1)
-1
Calculate -5 + -4 + 5 + 3.
-1
What is the value of -5 - -5 - (7 - (8 + -4))?
-3
Calculate (-2 - -6) + (7 - 5) + -5.
1
6 + (-8 - (6 - 4)) + 6
2
What is the value of (0 - (3 - (0 - 0))) + 0?
-3
What is -1 - (-2 + 8) - (-1 + -2)?
-4
What is the value of 1 + (1 - -4 - (-1 + 2))?
5
What is 0 + -2 - (9 - (12 - 0))?
1
(-10 - (-13 - -5)) + -6
-8
What is the value of -3 + (0 - -4) - (-9 + 6)?
4
What is -4 + (-1 - -2) - (-110 - -112)?
-5
Calculate 9 + -14 - (2 - 10).
3
Evaluate 6 + 5 - 6 - 3.
2
What is the value of (-5 - (5 + -16 + 1)) + -3?
2
What is the value of 7 - 2 - (-12 - -13)?
4
Evaluate (-1 - 1) + (-4 - -2).
-4
What is the value of 13 + -8 - (1 - -1)?
3
What is the value of -6 + 3 - (7 + (-5 - 0))?
-5
What is (-4 - -10) + 